tor of 14 and x.
14
Suppose -104*y = -116*y + 8760. What is the greatest common divisor of 170 and y?
10
Suppose 25*o = 264*o + 128*o - 106063. Let w = 22 + 63. What is the highest common divisor of o and w?
17
Suppose -2*i + 3*k = -201, i - 4*k = 55 + 63. Calculate the highest common divisor of 350 and i.
10
Let o(h) = -6*h**2 - 2*h + 12. Let y be o(-6). Let f = y + 197. What is the highest common factor of f and 25?
5
Let z be (16 - 11) + (-4 - -1 - -2). Suppose -3*h - 5*a = -1336, -h + z*a = -2*h + 457. What is the highest common divisor of 19 and h?
19
Suppose 0 = -5*q + 4*q + 5*o - 9, -15 = -3*q + o. Suppose v + 476 = -q*v. Let i = -27 - v. What is the highest common factor of i and 164?
41
Let i be 2*12/8 - (0 - -1). Let w be -7*(i/(-6) - (-2838)/(-99)). What is the highest common divisor of 7 and w?
7
Let l = 700 - 685. Calculate the greatest common divisor of 5 and l.
5
Let l be (272/(-16))/((-2)/4). Suppose 3*w - 22 = 3*q + 20, 0 = -3*w + q + l. What is the highest common divisor of 55 and w?
5
Let z = -732 - -423. Let v = z + 373. Calculate the highest common factor of 640 and v.
64
Let y be ((-252)/(-30))/(5/400). Calculate the greatest common factor of 1092 and y.
84
Let w be (-15)/(-10)*(-50)/(-3). Suppose w*i - 9*i - 1248 = 0. Calculate the greatest common factor of i and 182.
26
Suppose 6*v = -v - 287. Let q = 262 + v. Let l = q + -86. What is the highest common divisor of 15 and l?
15
Let s = -92030 + 92084. Let o(p) = -8*p**3 + p**2 - 3*p. Let l be o(-3). What is the highest common factor of s and l?
18
Suppose 3*n = 50*s - 53*s + 912, -n + 1222 = 4*s. What is the highest common factor of 34 and s?
34
Let s(a) = 437*a**2 - 153*a - 646. Let l be s(-4). Calculate the greatest common factor of l and 98.
98
Let l be (-4)/16 - 9331/(-28). Let b = l + -263. What is the greatest common divisor of b and 105?
35
Suppose -250*z = -80517 - 4677 - 110556. What is the greatest common factor of 3480 and z?
87
Let t(s) = -s**3 - 6*s**2 - s - 22. Let j be t(-7). Let h be 291/17 - j/289. What is the greatest common divisor of 17 and h?
17
Suppose -3*w = -3*u + 204, 2*u + 40*w = 44*w + 146. What is the highest common divisor of 427 and u?
7
Suppose -167 - 130 = -33*c. Let u(y) = 7*y**2 + 4*y - 18. Let f be u(c). What is the highest common divisor of 18 and f?
9
Let p = -145 + 181. Let a be (-2)/6*p*12/(-18). What is the greatest common divisor of 144 and a?
8
Let r be 16/(1456/330031) + -2*5/(-35). Calculate the greatest common factor of 72 and r.
9
Let u(i) = -2*i**2 + 150*i - 920. Let v be u(8). Calculate the highest common factor of 13414 and v.
38
Let a = 12142 - 10092. What is the greatest common factor of a and 150?
50
Suppose -104*f + 124 = 24*f - 47748. What is the highest common divisor of f and 782?
34
Let w be ((-6)/9)/(((-8)/(-15))/(-4)). Suppose -5*x + 50 = -w*z, 3 = 5*x + 4*z - 20. Suppose 12*t - 170 = x*t. What is the highest common factor of 238 and t?
34
Let r = 227 - 342. Let j be 6/(-5) + 1 - 35443/r. What is the highest common factor of j and 28?
28
Let r be (-6 + (-940)/6)/((-30)/495). What is the greatest common factor of r and 308?
44
Suppose 11*y = 1927 + 4057. Let d = -301 + y. What is the highest common divisor of d and 18?
9
Let j be (95/15)/((-16)/(-864)). What is the highest common divisor of j and 45?
9
Suppose 2*w = 2*t - 6*t - 54, -5*w - 123 = -2*t. Let q = 25 + w. Suppose -2*p + b + 28 = q, b - 85 = -5*p - 4*b. What is the greatest common divisor of p and 5?
5
Let i(c) = c**2 + 20*c - 38. Let t = 3 + -25. Let o be i(t). Let k be 2/o - (-9)/(81/42). What is the greatest common factor of k and 10?
5
Suppose -929*u + 2*v - 64 = -935*u, -2*v - 53 = -7*u. Let a = 121 - -20. Calculate the greatest common divisor of a and u.
3
Let n = 38 - 43. Let j(o) = -2*o - 11. Let h be j(n). Let x be 1*h/(-1)*750/10. What is the greatest common factor of x and 15?
15
Let q = 17 - 67. Let z = 57 + q. Suppose -3*c - 500 = -5*j, 2*j + z*c - 2*c = 200. Calculate the highest common divisor of j and 20.
20
Let o = -45 - -48. Suppose -3*h - 4*w - 64 = -0*h, -o*h + 5*w - 55 = 0. Let a = h + 52. Calculate the greatest common divisor of 4 and a.
4
Let v(x) = 142*x - 3805. Let o be v(30). Calculate the greatest common divisor of o and 2405.
65
Let h = 10450 - 10347. Calculate the greatest common factor of 13596 and h.
103
Let m(t) = -2*t**3 - 14*t**2 - t + 16. Let b be m(-8). Let v = -33 + 52. Calculate the highest common divisor of v and b.
19
Suppose 0 = 19*u - 2742 - 2654. Let w be -2 + u + (-8 - -1). Let o(z) = 24*z**3 + 2*z - 1. Let l be o(1). What is the highest common factor of l and w?
25
Suppose -19*i = u - 18*i - 27, u - 4*i - 57 = 0. Let l = -191 + 290. Calculate the highest common factor of l and u.
33
Let s(w) = -2*w**3 + 13*w**2 + 218*w - 29. Let x be s(-8). What is the highest common factor of 2573 and x?
83
Let q = -16044 - -16074. What is the greatest common divisor of q and 2920?
10
Let u(g) = 7*g + 13. Let r be u(10). Suppose 8 = -79*q + r*q. Calculate the greatest common factor of 22 and q.
2
Suppose -2*a = -5*n + 14, 0*n + 3*n - 24 = -4*a. Suppose h = n*x + 47, -2*h + 5*x - 2*x + 74 = 0. Calculate the greatest common divisor of 31 and h.
31
Suppose 0*i + 208 = 5*b + i, 3*i = -6. Suppose -9*c - b = -222. Calculate the greatest common factor of 820 and c.
20
Suppose l = -3*v - 0*l + 84, 2*l = 0. Suppose 3*g = g + v. Suppose -3*z = 2*b - 33, -2*b + g = -b + z. Calculate the highest common factor of b and 18.
9
Let p = 2906 - 2776. What is the greatest common factor of p and 13910?
130
Let y(c) = 3*c**2 - 42*c + 200. Let p be y(5). Calculate the highest common factor of p and 8905.
65
Let m = 8420 - 4677. Calculate the greatest common divisor of m and 788.
197
Let u be (24/(-9) - -2)*(4 + -7). Suppose 4*q = j + 15, -15 = 3*j + u*j. Let n(r) = 22*r - 6. Let y be n(q). Calculate the highest common factor of 90 and y.
30
Let f(t) = 17*t**2 + 18*t + 49. Let x be f(-6). Let z = 142 + -63. Calculate the highest common factor of x and z.
79
Suppose -5*n = -17 - 13, 2*x = -0*n + n. What is the greatest common factor of 106 and x?
1
Let z be ((-41)/(-615)*-18)/((-3)/(-220)*-2). What is the greatest common factor of 1463 and z?
11
Let a(x) = -7*x + 31 + 16 - 5 - 2*x. Let w be a(3). Calculate the highest common factor of 105 and w.
15
Suppose -157*i - 18080 = -162*i. What is the highest common divisor of i and 64?
32
Let g(w) = -27*w**3 + 102*w**2 + 742*w + 11. Let t be g(-8). Calculate the highest common divisor of t and 63.
63
Let k be 1*44*(-4)/(-8). Let s = k + 234. What is the greatest common divisor of 16 and s?
16
Let j(x) = 91*x**2 - 2*x - 2. Let u = 10 - 11. Let d be j(u). What is the greatest common divisor of d and 13?
13
Let y = 13297 - -46189. Calculate the highest common factor of 98 and y.
98
Let p be (-32 + 0)*4/(-1). Calculate the highest common factor of p and 688.
16
Suppose -11 - 55 = -33*w. Let p = 299 - 85. What is the greatest common divisor of p and w?
2
Suppose 4*o = 3*o + 5. Let p(z) = z**3 + 7*z**2 - z - 7. Let l be p(o). Let x be ((-120)/50)/((-39)/520). What is the greatest common divisor of x and l?
32
Let f be 1*(-3 + (-10)/(-4))*-6. Suppose 5*w - 130 - 97 = -z, -f*w - 4*z = -143. What is the greatest common divisor of w and 75?
15
Let t(l) = 3*l**2 - 3*l + 2. Let d be t(3). Let o be (-12)/10*(-3)/(18/d). Let z(v) = 7*v**2 + 3. Let u be z(1). What is the highest common factor of u and o?
2
Let d be -116*(-5)/(-25)*3*-5. Suppose -u - 1 = -5, -k + 5*u = -d. What is the highest common factor of k and 46?
46
Suppose 0 = 2203*y - 2212*y + 25056. What is the greatest common factor of y and 58?
58
Suppose 6*x + 82 = 154. Let w be ((-15)/x)/(1/(-72)). Calculate the highest common divisor of w and 18.
18
Let z(h) = -8*h**2 + 151*h - 92. Let a be z(18). Calculate the highest common factor of 1394 and a.
34
Let t(q) = -59*q - 1417. Let p be t(-27). Calculate the greatest common divisor of p and 440.
88
Let p be ((-3850)/(-30) + -7)/(18/27). What is the greatest common divisor of p and 11011?
91
Let i(p) = -8 + 36*p - 2 + 5*p. Let l be i(4). Let y(k) = 4*k**3 - 28*k**2 + 4*k - 14. Let j be y(7). What is the greatest common factor of l and j?
14
Let p(u) = 2*u**3 - 69*u**2 + 220*u - 37. Let k be p(31). Calculate 